3*w + 2772. Let o = 799 - w. What are the prime factors of o?
2, 53
Suppose 75 = -6*o - 21. Let d be o/12 - 2/3 - 0. What are the prime factors of 59 + 8/d - -1?
2, 7
Suppose -1496*f + 1523*f = 302724. What are the prime factors of f?
2, 2803
Let j = 164 - 243. Let k = -79 - j. Suppose k = -v + 2*f + 105, -44 = 2*v + f - 279. List the prime factors of v.
5, 23
Suppose y + 4*r - 5*r = 56, -y - 4*r = -61. Let b = 35 + y. List the prime factors of b.
2, 23
Suppose -4*d = a + 3, a = -d - 2*d - 3. Let l(b) = 3*b**2 - 7*b - 8. Let i be l(-1). List the prime factors of i*5 + 9/a.
7
Let n be ((-760)/(-60))/((-2)/(-36)). Let t = 303 + n. What are the prime factors of t?
3, 59
Suppose -3*c = -c - 3*o - 14, 0 = 4*c + 3*o - 10. Suppose 27*y - 24*y = -c*z + 2794, -2*z + 5*y = -1410. What are the prime factors of z?
2, 5, 7
Let i(b) = -68*b - 58. Let y be i(-5). Let c = y - -121. What are the prime factors of c?
13, 31
Let j = -4 - -10. Let a be 37/((-74)/(-408))*2/3. Suppose 2*p - j*p = -a. List the prime factors of p.
2, 17
Suppose 4*a - 4*c - 5 = 11, 5*a = -2*c - 1. List the prime factors of ((-1)/(-2))/(a/(194 - 0)).
97
Let b = 2535 + -1185. Let y = b + -653. What are the prime factors of y?
17, 41
Let i = 36719 + -25593. What are the prime factors of i?
2, 5563
Let n(d) = -220*d + 3. What are the prime factors of n(-9)?
3, 661
Let v = -1288 + 1293. Suppose -4*y - 4 = -12. Suppose 0 = -f + v*j + 72 - 0, y*j + 252 = 4*f. List the prime factors of f.
2, 31
What are the prime factors of (-80572)/(-10) + (56/35 - 45/25)?
7, 1151
Suppose -3*c + 54 = 6*c. Let x(l) = -2*l + 14. Let k be x(c). Suppose k*z = 7*z - 835. List the prime factors of z.
167
Let z = 2343 + 8422. What are the prime factors of z?
5, 2153
Suppose 5*o - 3*f = 1700 + 2783, 0 = -3*o - 3*f + 2685. Suppose 14 = -3*x + o. Suppose 0 = 5*t + 10, 0 = -0*g + 2*g + 4*t - x. List the prime factors of g.
151
Let n(t) be the third derivative of -5*t**4/6 - t**3/3 - 41*t**2. Suppose -7*v - 3 = -6*v. List the prime factors of n(v).
2, 29
Let w(n) = 119*n**2 + 245*n + 993. List the prime factors of w(-4).
3, 71
Let v(j) = 4*j**3 + 34*j**2 - 508*j - 46. What are the prime factors of v(21)?
2, 10331
Let k = 23 - 20. Suppose -k*s = s + 4, 4*s - 434 = -3*g. Suppose -5*u + 3*z + 376 = 0, z = -4*u + 2*u + g. What are the prime factors of u?
2, 37
Let r be (1/3)/((-6)/18) + -55. Let u = r - -80. Suppose -u*w + 20*w + 644 = 0. What are the prime factors of w?
7, 23
Let t = 3164 - 2921. Suppose 458 = 4*n - 150. Suppose 3*k - w - t - n = 0, -4*w = k - 136. What are the prime factors of k?
2, 3, 11
Let h be (-8)/(-14) + (0 - (-217)/49). Suppose -12*c - o - 2716 = -15*c, o = -h*c + 4540. List the prime factors of c.
907
Let h be (-8)/(-6)*3 + 42. Let b(p) = 1 + 97*p**2 - 50*p**2 - h*p**2. List the prime factors of b(-9).
2, 41
Let x be (-4)/12 + (-448)/6. Let g = 221 + -256. Let d = g - x. List the prime factors of d.
2, 5
List the prime factors of 2 - 146468/(-16) - (-57)/76.
9157
Let r(v) = 19*v - 156. Suppose 5*x - 3*l = 33, -21*x + 23*x - l - 14 = 0. What are the prime factors of r(x)?
3, 5
Let b(q) = -q**3 + 15*q**2 + 10*q - 13. Let v be b(8). Let t = 117 + v. What are the prime factors of t?
2, 79
Let n(h) = 1392*h - 14692. List the prime factors of n(65).
2, 18947
Let i = 10 + -10. Suppose i = -v - 65 + 25. List the prime factors of 22*(-3)/(12/v).
2, 5, 11
Suppose -142*z + 161*z - 6293708 = -192*z. List the prime factors of z.
2, 7457
Suppose -3*p - 122 = 2*j + 84, 2*p + 4*j = -140. Let h = -1888 + -3204. List the prime factors of h/p + (-10)/(-85).
3, 5
Suppose -66*g = -695 - 3925. Suppose -g*k = -54*k - 28528. What are the prime factors of k?
1783
Suppose -1 = 3*a + 4*f - 0, -4*f = a + 11. Suppose -a*c - 6*c = -44. List the prime factors of -6*23/(-3) - c.
2, 3, 7
Suppose -77*r + 31824 = 3*x - 74*r, 4*r - 31825 = -3*x. List the prime factors of x.
10607
Suppose 0 = -0*b - 2*b + 6, -13 = -2*n - 3*b. Suppose 893 - 5 = n*f. Suppose -6*l - a + 424 = -2*l, -f = -4*l + 4*a. List the prime factors of l.
107
Suppose 4 = -4*l, -22*l + 18583 = 4*h - 17*l. What are the prime factors of h?
3, 1549
Let o(r) = -6 + 2*r + 9*r**2 + 0*r**3 - 7 + r**3 - 2*r**3. Let y be o(9). Suppose -3*v - y*j + 58 = -0*j, -j + 66 = 4*v. What are the prime factors of v?
2
Suppose -4*v = 0, -4*m + 22*v - 21*v + 197388 = 0. List the prime factors of m.
3, 5483
Let d(z) = -z**3 - 27*z**2 + 13*z + 428. What are the prime factors of d(-32)?
2, 1283
Let k = -50586 + 111820. List the prime factors of k.
2, 17, 1801
List the prime factors of (-535864)/(-26) - (-1616)/(-202) - (-2)/(-13).
2, 10301
Let x = 1256 - 610. Let s = 676 - x. What are the prime factors of s?
2, 3, 5
Let d be 1/(4/(-1524)) + (-3 - -2). Let y = 198 - d. What are the prime factors of y?
2, 5, 29
Let h = 148 - 140. Let b(v) = -v**3 + 11*v**2 - 2*v + 8. What are the prime factors of b(h)?
2, 23
Suppose -g = -0 - 2. Let u = -60 - -200. Suppose -u = -g*i - 6. What are the prime factors of i?
67
Suppose 3*j - 77055 = 5*q, 4*q = 3*j - 109000 + 31939. What are the prime factors of j?
3, 5, 571
Let d(z) = -37*z**3 - 5*z**2 - 29*z - 120. What are the prime factors of d(-8)?
2, 1171
What are the prime factors of (-6 - -15 - 10) + (10059 - 0)?
2, 47, 107
Let y(r) = 6*r**3 - 12*r**2 + 40*r + 6. List the prime factors of y(12).
2, 3, 13
Suppose 0 = 3*z + 2*v - 35929 - 25922, -5*z = 4*v - 103087. List the prime factors of z.
5, 7, 19, 31
Let p(a) = 80*a**2 - 30. List the prime factors of p(-13).
2, 5, 19, 71
Let i = -5186 - -10647. What are the prime factors of i?
43, 127
Let g(r) be the first derivative of -3*r + 11/3*r**3 - 16 - 4*r**2. What are the prime factors of g(-3)?
2, 3, 5
Let b be (-28)/(-8)*(5 + -3) + -4. What are the prime factors of (838/6 - 0)/(1/b)?
419
Suppose -5*z - 27*x + 70405 = -32*x, -5*x - 56327 = -4*z. What are the prime factors of z?
2, 7039
Suppose 0 = -3*j - d - 2, 159*d - 8 = 163*d. Let v(p) = -6*p - 56. Let w(x) = x. Let r(m) = -v(m) - 3*w(m). What are the prime factors of r(j)?
2, 7
Suppose -2*c = -10, -19*c = 3*i - 16*c - 1041. Suppose 4*j + 220 + i = 6*t, 0 = -t - 2*j + 91. What are the prime factors of t?
3, 31
Suppose -123*p = -457648 - 119110 - 141070. What are the prime factors of p?
2, 1459
Let i = 672 + -596. Let w = 230 - i. List the prime factors of w.
2, 7, 11
Suppose 0 = y + 10*v - 6*v - 2958, -6*y = -4*v - 17552. What are the prime factors of y?
2, 5, 293
Let d = -94 + 96. Suppose 3*z - 450 - 2196 = -4*p, 0 = -3*z - d*p + 2640. Suppose 5*i - z = g, -g = 4*i - 6*g - 694. List the prime factors of i.
2, 11
List the prime factors of (-1)/(-9)*-10 - 128232622/(-5274).
41, 593
Let f(r) = 282*r**2 + 19*r - 239. List the prime factors of f(6).
37, 271
Suppose 3*j = 5*p - 33029, p - j - 5333 = 1274. List the prime factors of p.
2, 13, 127
Suppose 0 = -3*l + l + v + 10, -2*l + 14 = -2*v. Suppose -l*o = -h + 95, 4*h - o = 4*o + 373. List the prime factors of h.
2, 23
Let m(g) = -25*g - 397. Let t(k) = 37*k + 596. Let p(f) = 7*m(f) + 5*t(f). Let l(a) = 3*a + 67. Let j(n) = 7*l(n) - 2*p(n). What are the prime factors of j(20)?
3, 29
Suppose -4*a + 5*a + 27 = -3*c, 0 = -4*a + 3*c - 93. Let t = -21 - a. Suppose 0 = t*z - 276 + 27. What are the prime factors of z?
83
Let h(d) = 18*d**2 + 22*d - 14. Let v(p) = 10*p**2 + 11*p - 7. Let s(o) = -6*h(o) + 11*v(o). Let c be s(5). List the prime factors of ((-2331)/18)/(c/4 - 1).
7, 37
Suppose 0 = 5*k - 5*u - 15, 3*k + 5*u = -0*k + 1. Suppose -4*i + 1288 = -k*i + 4*x, -4*x = -2*i + 1272. Suppose 0 = -a + 5*a - i. List the prime factors of a.
2, 5
What are the prime factors of (-1)/10*-130 - -37478?
3, 12497
Let r = 6625 + -1948. List the prime factors of r.
3, 1559
Let f be ((-1008)/(-60))/(3/(-10)). Suppose -5*u - 145 = 5*n + 25, -5*n = -3*u + 162. Let r = n - f. What are the prime factors of r?
23
List the prime factors of ((-2478)/(-30) - 6)/(18/360).
2, 383
List the prime factors of (0 - 0) + -2 + 4664/1.
2, 3, 7, 37
Let b = -259 + 259. Suppose 3*v - j - 1157 = 0, -v - 3*j + 454 - 75 = b. List the prime factors of v.
5, 7, 11
Let c = 81952 - 51564. What are the prime factors of c?
2, 71, 107
Let q = -376 - -383. List the prime factors of -26*((q - 50) + -4).
2, 13, 47
Let j be 39/9 - (-210)/(-90). Suppose -470 = 